5 + 75?
71a
In base 6, what is -3430540 + -22?
-3431002
In base 11, what is 1382 + 5?
1387
In base 2, what is -1 - 1010101111101?
-1010101111110
In base 13, what is 1178 - -25?
11a0
In base 12, what is 28 - -13b4?
1420
In base 13, what is 18078 - -17?
18092
In base 10, what is 0 + 39178?
39178
In base 12, what is -2 - -19440?
1943a
In base 3, what is 1210221 - 210210?
1000011
In base 7, what is 3406 - 1313?
2063
In base 15, what is 222 - -7d?
2a0
In base 16, what is 2d - 45?
-18
In base 10, what is -33938 + 67?
-33871
In base 9, what is 2 + -654?
-652
In base 6, what is 4 + -102333?
-102325
In base 14, what is 8 + 10973?
1097b
In base 12, what is -19b5a - 3?
-19b61
In base 4, what is 1132000311 + -10?
1132000301
In base 2, what is 110 - -11000000000011?
11000000001001
In base 13, what is 413 + 3?
416
In base 10, what is 119 - -160?
279
In base 16, what is -3 - -4d7?
4d4
In base 13, what is -28 - -6799?
6771
In base 10, what is -229 - 219?
-448
In base 6, what is -214 + 243022?
242404
In base 15, what is 1244 + -177?
10bc
In base 13, what is -2 - -530a8?
530a6
In base 6, what is -40110 - -2232?
-33434
In base 6, what is 3 - 1244154?
-1244151
In base 13, what is 1c9 - -56b?
767
In base 2, what is 100010011 + -111?
100001100
In base 8, what is -137517 + -11?
-137530
In base 6, what is 45401 + 35?
45440
In base 14, what is 346a - 3?
3467
In base 16, what is 0 - 17f8a?
-17f8a
In base 12, what is -924 - 2b1?
-1015
In base 4, what is 2 + -12322122?
-12322120
In base 6, what is -541 + 423242?
422301
In base 8, what is -4057 + 116?
-3741
In base 10, what is 2 + -700695?
-700693
In base 5, what is -12121 - 244?
-12420
In base 7, what is 1022 + -61?
631
In base 10, what is -6341 - -4?
-6337
In base 13, what is 267 - 31b?
-84
In base 10, what is -112938 - -5?
-112933
In base 9, what is -20 - -135?
115
In base 8, what is -236 - -1072?
634
In base 5, what is -11204 - 140?
-11344
In base 11, what is -981 - 784?
-1655
In base 4, what is -3 + -10311110312?
-10311110321
In base 12, what is 2 + 14a5?
14a7
In base 15, what is 618 + 3b?
654
In base 13, what is -204651 - 9?
-20465a
In base 12, what is 17577 - 32?
17545
In base 11, what is 4 + -261461?
-261458
In base 5, what is -3234223 + 1?
-3234222
In base 9, what is 58 + 78410?
78468
In base 2, what is 1110001110111110 + -10?
1110001110111100
In base 15, what is 3a6 - -15?
3bb
In base 3, what is -211100121022 + 0?
-211100121022
In base 9, what is -4 - -72365?
72361
In base 16, what is -1ab - -d?
-19e
In base 5, what is 3412022 + 1?
3412023
In base 11, what is 4 + 15556?
1555a
In base 7, what is 4 - -3454256?
3454263
In base 13, what is -45b835 + 0?
-45b835
In base 7, what is 101401 + -30?
101341
In base 7, what is 0 + -2463155?
-2463155
In base 8, what is 14 - -747322?
747336
In base 10, what is 51 + 9206?
9257
In base 6, what is -40 - -4032?
3552
In base 12, what is -8b + -158b?
-165a
In base 9, what is -21453 + 166?
-21276
In base 8, what is 3 + -61174?
-61171
In base 2, what is -111011 + 1110000000?
1101000101
In base 12, what is -16 + 407b?
4065
In base 15, what is -c - 2518?
-2525
In base 7, what is 5 - -113114?
113122
In base 3, what is 10222221 - 10000?
10212221
In base 9, what is -115513 + -1?
-115514
In base 8, what is 621 + -142?
457
In base 14, what is 0 + -8a38?
-8a38
In base 14, what is 844 - -2dc?
b42
In base 7, what is 143610 + 60?
144000
In base 13, what is 1c77c6 - -3?
1c77c9
In base 14, what is -124 + 2310?
21ca
In base 2, what is -10010110 - -11001011000?
10111000010
In base 16, what is -4 + 6536e?
6536a
In base 13, what is -199 + -2a?
-1c6
In base 12, what is -2 + -14a8?
-14aa
In base 14, what is 1c7c2 + 0?
1c7c2
In base 7, what is 364250 + -4?
364243
In base 14, what is 3 + 16a1?
16a4
In base 2, what is -10111110001 + -1?
-10111110010
In base 10, what is -3340 - 15?
-3355
In base 7, what is 201 + 134?
335
In base 14, what is -3b1da - -1?
-3b1d9
In base 16, what is -4101 + -7?
-4108
In base 6, what is -10 + -132141?
-132151
In base 4, what is 1 - 11111123?
-11111122
In base 6, what is -30401 - 23?
-30424
In base 8, what is -5 + -416536?
-416543
In base 5, what is 10140123323 + 4?
10140123332
In base 7, what is 2 - 111032?
-111030
In base 4, what is -30313011 + -32?
-30313103
In base 5, what is 20242321 - 3?
20242313
In base 11, what is 15a - -a?
169
In base 3, what is 10020101 - 1001?
10012100
In base 13, what is -4a - -229b0?
22963
In base 16, what is 7 + c58c?
c593
In base 13, what is 15 + 2ba7?
2bbc
In base 14, what is -916b + 3?
-9168
In base 3, what is -10011 + -1011211?
-1021222
In base 4, what is -102 - -10130232?
10130130
In base 5, what is 131 - -22020?
22201
In base 16, what is 3 + 2cf88?
2cf8b
In base 6, what is 20023 + 155?
20222
In base 14, what is 4 - 27b?
-277
In base 10, what is 2 - 1648?
-1646
In base 13, what is -3241 + -7?
-3248
In base 13, what is 116bb + -2c?
1168c
In base 8, what is 45 - -523506?
523553
In base 9, what is -1456 + 4?
-1452
In base 9, what is -2 - 31410?
-31412
In base 11, what is -3943 + a4?
-384a
In base 7, what is 0 - 21110232?
-21110232
In base 11, what is 0 + -95763?
-95763
In base 6, what is 2 - -4401112?
4401114
In base 11, what is -1 - -34060?
3405a
In base 12, what is -33 + -a?
-41
In base 8, what is -232 + -312?
-544
In base 15, what is -8e - -1ac?
11d
In base 10, what is 5811 - -354?
6165
In base 10, what is 149 - -1355?
1504
In base 4, what is 33133333 - 113?
33133220
In base 9, what is 134 - 1150?
-1015
In base 8, what is 2504 + 22?
2526
In base 3, what is -10202122 + 122?
-10202000
In base 8, what is 44344 + -1?
44343
In base 2, what is -1000001001 - 110111?
-1001000000
In base 12, what is -2 - -6898?
6896
In base 11, what is 14 + -42222?
-42209
In base 12, what is -86b8 - -4?
-86b4
In base 15, what is b12 - -28?
b3a
In base 15, what is 43 + 1bdc?
1c30
In base 14, what is 51 + -1096?
-1045
In base 2, what is -100010101 - 100011101101?
-101000000010
In base 13, what is -1b717 - -1?
-1b716
In base 11, what is 0 - -2567?
2567
In base 11, what is 12a8 + 1168?
2465
In base 9, what is 353 + 83?
446
In base 10, what is -4 - -5367?
5363
In base 11, what is 1388 + -19?
136a
In base 5, what is 33122 + -431?
32141
In base 7, what is 1 - 155123?
-155122
In base 9, what is -3 - 13015?
-13018
In base 4, what is -10210311 - -11?
-10210300
In base 10, what is -16282 + 0?
-16282
In base 5, what is -22341 + -1230?
-24121
In base 3, what is -2001212 - 1010?
-2002222
In base 2, what is -10101101100001 - -11111?
-10101101000010
In base 12, what is 2795 - 7?
278a
In base 16, what is -cf6 + -47?
-d3d
In base 11, what is -1271 - -12?
-125a
In base 9, what is 4 - -161525?
161530
In base 2, what is 111001100 + 101110001000?
110101010100
In base 14, what is 34a4 + 19?
34bd
In base 8, what is -4 + -13556?
-13562
In base 7, what is -163300 - 33?
-163333
In base 10, what is 4648 - 0?
4648
In base 16, what is 36a00 + -4?
369fc
In base 5, what is 21041 + 11220?
32311
In base 9, what is -2 - 434602?
-434604
In base 7, what is -14 + 5106?
5062
In base 16, what is 2fb26 + 3?
2fb29
In base 15, what is -31 - -416b?
413a
In base 14, what is -3d1 - -213?
-1bc
In base 3, what is -101010022 + -22202?
-101110001
In base 16, what is -ea6 - 9?
-eaf
In base 14, what is 1 + 1dc152?
1dc153
In base 13, what is -5 - 3024?
-3029
In base 6, what is 120014 + -2135?
113435
In base 6, what is -21 + 153202?
153141
In base 3, what is 2 - -2022021110?
2022021112
In base 13, what is 11913 + -30?
118b3
In base 12, what is -2 + -1328?
-132a
In base 16, what is -41e0f6 - 3?
-41e0f9
In base 7, what is 316404 - -13?
316420
In base 8, what is -4272 - 237?
-4531
In base 8, what is -4512 - -3?
-4507
In base 11, what is -9 - 218703?
-218711
In base 10, what is -3 + -157231?
-157234
In base 3, what is 2002010 + 1010?
2010020
In base 13, what is -1448 - -18?
-1430
In base 9, what is -3 - -225043?
225040
In base 5, what is -30104313 + -1?
-30104314
In base 9, what is -553631 + 1?
-553630
In base 13, what is 324 - -99?
3c0
In base 6, what is 1552 + -534?
1014
In base 3, what is -110 + 121002?
120122
In base 3, what is -2 + 2122002201?
2122002122
In base 4, what is 113000322 + 10?
113000332
In base 12, what is -83b5 + 33?
-8382
In base 16, what is -110b - 1?
-110c
In base 12, what is -113649 - 13?
-113660
In